 69008*u + 965523. Give v(14).
-1
Let y(g) = -7*g**2 + 204*g + 107. What is y(29)?
136
Let c(n) = 10*n**2 + 292*n - 1812. Give c(6).
300
Let f(p) = -4179*p + 313438. Determine f(75).
13
Let a(o) = -o**2 - 50*o + 27. What is a(-7)?
328
Let u(d) = d**3 + 22*d**2 + 29*d - 424. Determine u(-20).
-204
Let d(y) = y**3 + 137*y**2 + 150*y - 15915. What is d(-135)?
285
Let y(f) = f**2 - 1859*f + 676856. Calculate y(497).
-58
Let b(i) = -109*i + 18793. Give b(177).
-500
Let r(y) = 2*y**3 + 306*y**2 + 11661*y - 219. Give r(-72).
-3
Let j(z) = -10566*z - 496460. What is j(-47)?
142
Let m(j) = 11*j**3 + 3333*j**2 + 26*j + 7878. Give m(-303).
0
Let c(n) = -4*n**3 + 145*n**2 - 1012*n + 346. Determine c(27).
-5
Let a(y) = -14*y**2 - 1847*y + 5552. Determine a(3).
-115
Let z(w) = 1305*w + 595. Calculate z(0).
595
Let s(a) = 566*a**2 - 10206*a + 26. Give s(18).
-298
Let y(w) = 57*w**3 - 117*w**2 - 345*w - 225. Give y(-2).
-459
Let g(y) = y**3 - 54*y**2 + 178*y - 9646. Calculate g(54).
-34
Let b(i) = -309*i + 26752. Calculate b(88).
-440
Let g(f) = -27676*f + 3902310. Give g(141).
-6
Let t(c) = 8*c**3 + 11*c**2 - 79*c. Determine t(3).
78
Let k(n) = -54014*n + 3240848. Calculate k(60).
8
Let p(m) = -516436*m + 7230098. Give p(14).
-6
Let s(v) = 2*v**2 - 132*v + 2153. What is s(39)?
47
Let w(s) = 16*s**2 - 831*s - 1713. Give w(52).
-1661
Let u(v) = 3*v**3 - 2723*v - 2724. Determine u(-1).
-4
Let w(h) = -h**3 - 24*h**2 + 357*h + 1251. Calculate w(-33).
-729
Let k(u) = 2423*u + 637126. Calculate k(-263).
-123
Let x(t) = -482*t - 19189. Give x(-39).
-391
Let h(m) = m**2 - 233*m + 12852. Calculate h(141).
-120
Let a(t) = 2096*t**2 + 2013*t - 44. Give a(-1).
39
Let u(s) = 4455*s + 8910. Give u(-2).
0
Let o(w) = -13720*w + 1893360. Calculate o(138).
0
Let w(p) = -80*p**2 + 2800*p + 12479. What is w(39)?
-1
Let f(y) = -y**3 + 27*y**2 + 7640*y - 239389. Calculate f(32).
-29
Let d(x) = 14*x - 770. Calculate d(-29).
-1176
Let w(c) = -10*c**2 + 360*c + 3010. Calculate w(-7).
0
Let o(g) = -1196*g + 665000. Determine o(556).
24
Let v(h) = -5*h**2 - 1473*h + 13014. Determine v(9).
-648
Let w(i) = 3*i**3 + 111*i**2 + 779*i + 402. Determine w(-6).
-924
Let s(m) = 11*m**2 - 1006*m + 5149. Determine s(86).
-11
Let q(i) = 122625*i - 2575142. What is q(21)?
-17
Let m(d) = -542*d + 7387. Determine m(14).
-201
Let x(i) = i**3 - 311*i**2 + 12405*i + 267. What is x(47)?
126
Let m(y) = 3*y**2 + 3020*y + 705093. Determine m(-368).
5
Let c(u) = 32824*u - 98431. Determine c(3).
41
Let b(a) = 14412*a**2 - 273832*a + 78. Determine b(19).
2
Let p(i) = -2*i**2 - 65381*i + 588611. Calculate p(9).
20
Let p(i) = 83*i**2 - 2988*i - 141. Calculate p(36).
-141
Let k(g) = 20*g**2 + 36*g - 16. What is k(-8)?
976
Let h(k) = -5*k**3 - 1410*k**2 - 8036*k + 1452. Give h(-6).
-12
Let h(k) = 362*k + 16446. What is h(-47)?
-568
Let w(j) = -71*j + 1794. Calculate w(33).
-549
Let c(y) = 376*y - 3905. Calculate c(14).
1359
Let h(l) = -5*l**3 - 445*l**2 + 444*l + 32. Give h(-90).
572
Let t(q) = 2*q**3 + 487*q**2 - 423*q - 43671. Determine t(-244).
5
Let u(d) = -4*d**2 - 1666*d - 89675. Determine u(-353).
-13
Let n(y) = -36345*y - 218083. Determine n(-6).
-13
Let k(v) = -v**2 + 21958*v + 131771. Determine k(-6).
-13
Let d(w) = -97421*w - 681949. Determine d(-7).
-2
Let s(y) = 7*y**3 - 309*y**2 + 33*y + 471. Calculate s(44).
-13
Let f(h) = h**3 + 6*h**2 - 158*h - 654. What is f(-5)?
161
Let n(w) = 21461*w - 193100. Determine n(9).
49
Let n(c) = 12*c**2 + 267*c - 7196. Determine n(-38).
-14
Let d(a) = -13828*a**2 + 96804*a + 48. What is d(7)?
104
Let t(j) = 2*j**3 - 93*j**2 + 32*j + 4668. Calculate t(45).
33
Let a(c) = 65*c**2 + 23658*c - 705. What is a(-364)?
23
Let y(m) = -328541*m + 3285413. What is y(10)?
3
Let k(t) = -14*t**2 - 619*t - 8094. Determine k(-13).
-2413
Let b(c) = 2*c**3 + 128*c**2 + 5809*c + 357991. Calculate b(-63).
-38
Let m(i) = 32*i**2 - 4173*i + 8347. Calculate m(2).
129
Let l(p) = -25924*p**2 + 3188647*p + 618. Calculate l(123).
3
Let q(s) = -19*s**2 + 7500*s - 20578. Determine q(392).
-194
Let h(a) = -27958*a - 111876. Determine h(-4).
-44
Let d(v) = 4663*v - 1389544. Give d(298).
30
Let z(l) = l**3 + 3952*l**2 - 87431*l + 117. Determine z(22).
51
Let v(m) = -3*m**3 + 123*m**2 + 7*m + 129. Determine v(41).
416
Let y(u) = 179*u**2 - 99341*u - 2196. Give y(555).
24
Let d(i) = 128*i - 3488. Determine d(25).
-288
Let d(g) = 1038*g - 163998. Calculate d(158).
6
Let v(a) = a**2 - 450*a - 67702. Determine v(-119).
9
Let p(y) = 264*y + 43596. Determine p(-165).
36
Let i(h) = 24*h**2 + 117*h + 442. Calculate i(-4).
358
Let k(m) = m**3 - 47*m**2 - 591*m + 62. Calculate k(57).
-1135
Let c(k) = -47*k**2 - 4013*k - 8030. Calculate c(-2).
-192
Let w(q) = -q**3 + 38*q**2 + 259*q - 10050. Give w(38).
-208
Let m(p) = -17*p**2 + 4539*p + 4536. Give m(-1).
-20
Let j(t) = 613*t - 8476. Give j(15).
719
Let o(b) = -14*b**3 + 34*b**2 + 306*b - 621. What is o(2)?
15
Let i(l) = -l**2 - 6037*l - 60200. Determine i(-10).
70
Let y(h) = -115*h - 5139. What is y(-44)?
-79
Let k(d) = -3*d**3 - 164*d**2 - 74*d - 7091. What is k(-55)?
4
Let m(z) = 12*z**2 + 498*z - 1996. Calculate m(4).
188
Let l(u) = 1094*u - 21597. What is l(20)?
283
Let y(o) = o**2 - 204*o + 3124. Give y(52).
-4780
Let u(j) = 45555*j + 1047767. Give u(-23).
2
Let q(f) = f**3 + f**2 - 614*f - 5879. Give q(-13).
75
Let d(r) = -35*r**2 + 2395*r - 1066. What is d(68)?
-46
Let l(s) = -s**3 - 182*s**2 + 557*s + 479. Calculate l(-185).
109
Let l(x) = -4672*x - 4530. Determine l(-1).
142
Let b(z) = 28*z**2 + 355*z + 300. Calculate b(-12).
72
Let d(v) = -12*v**3 - 1542*v**2 - 3782*v - 254. What is d(-126)?
-2
Let n(v) = 2*v**3 - 60*v**2 + 89*v + 406. Give n(29).
1305
Let c(p) = 61*p - 4950. What is c(81)?
-9
Let n(h) = 6*h**2 + 2612*h + 30197. Give n(-12).
-283
Let g(q) = -4*q**2 + 2*q + 298663. Calculate g(-273).
1
Let h(p) = 31538*p**2 - 2838421*p + 107. Calculate h(90).
17
Let o(g) = g**3 + 16*g**2 + 125*g + 2214. Calculate o(-18).
-684
Let c(g) = g**3 + 42*g**2 - 601*g - 1475. Give c(13).
7
Let l(n) = -n**3 + 14*n**2 - 184*n + 987. What is l(5)?
292
Let u(s) = -2*s**2 - 17*s - 90. Give u(-19).
-489
Let u(s) = -2*s**2 - 263*s - 8446. What is u(-58)?
80
Let m(u) = -88*u**2 + 285*u - 15. Determine m(4).
-283
Let a(w) = 38*w - 3570. Calculate a(98).
154
Let z(v) = -2884*v - 66342. Determine z(-23).
-10
Let u(d) = 2*d**3 + 60*d**2 - 1125*d - 305. Give u(-43).
-4
Let k(p) = -p**3 + 139*p**2 - 36*p + 5050. Give k(139).
46
Let j(a) = -655*a + 6314. What is j(9)?
419
Let g(t) = -t**3 + 158*t**2 + 151*t + 2886. Give g(159).
1614
Let n(r) = 3*r**2 - 179*r + 2634. Determine n(32).
-22
Let y(c) = -21*c**3 + 350*c**2 - 1424*c + 25. Calculate y(4).
-1415
Let g(y) = -3661*y - 14639. Determine g(-4).
5
Let m(a) = 2799*a**2 + 19597*a + 6. Calculate m(-7).
-22
Let j(r) = -2*r**3 - 148*r**2 + 1666*r - 354. What is j(-84)?
822
Let h(m) = -2*m**2 - 127*m - 722. Calculate h(-61).
-417
Let s(q) = -330*q + 291. What is s(0)?
291
Let l(j) = 2*j**2 + 241*j - 12228. Calculate l(-159).
15
Let q(f) = 7*f**3 - 760*f**2 - 313*f - 1502. Determine q(109).
24
Let f(j) = j**3 + 16*j**2 + 116*j - 721. Calculate f(4).
63
Let g(p) = 1886*p - 1910. Calculate g(1).
-24
Let h(w) = -2*w**3 + 147*w**2 + 119*w - 3451. Give h(74).
-121
Let y(b) = -2*b**3 + 413*b**2 + 1898*b + 220. Calculate y(211).
9
Let s(d) = -27*d**2 - 1052*d + 1127. What is s(-40)?
7
Let o(w) = 2*w**2 + 1767*w - 547475. What is o(243)?
4
Let m(g) = -g**2 - 2021*g + 22304. What is m(11)?
-48
Let y(n) = -2*n**3 + 27*n**2 + 19*n + 141. What is y(14)?
211
Let k(m) = -2*m**3 + 106*m**2 - 6876*m + 377147. Determine k(54).
11
Let o(m) = -1047041*m - 2094096. Give o(-2).
-14
Let b(j) = 7656*j - 237125. What is b(31)?
211
Let a(c) = -1501*c - 28251. Determine a(-19).
268
Let v(f) = 162*f**2 - 36295*f + 1567. Calculate v(224).
-1
Let k(q) = -5679*q + 51059. Calculate k(9).
-52
Let b(a) = -4*a**3 + 5896*a**2 - 279298*a - 2857. Calculate b(1425).
-7
Let g(q) = -q**3 + 21799*q**2 - 47*q - 3. Determine g(0).
-3
Let k(u) = -2*u**3 - 278*u**2 - 276*u - 3. Calculate k(-138).
-3
Let x(f) = -7513*f + 1111870. Calculate x(148).
-54
Let y(u) = -7*u**2 - 7424*u - 36936. Determine y(-5).
9
Let c(y) = -y**3 - 91*y**2 - 1530*y - 796. Calculate c(-69).
32